sands digit of 6173388?
1
What is the hundred thousands digit of 339611?
3
What is the hundreds digit of 8376353?
3
What is the tens digit of 11622316?
1
What is the thousands digit of 268159?
8
What is the hundreds digit of 3542651?
6
What is the thousands digit of 9728874?
8
What is the hundreds digit of 151710?
7
What is the thousands digit of 1906148?
6
What is the millions digit of 23970042?
3
What is the tens digit of 7063666?
6
What is the units digit of 17670271?
1
What is the thousands digit of 9694373?
4
What is the tens digit of 563074?
7
What is the hundreds digit of 1188929?
9
What is the millions digit of 27025085?
7
What is the ten thousands digit of 613274?
1
What is the thousands digit of 15656619?
6
What is the units digit of 232892?
2
What is the millions digit of 2067881?
2
What is the hundreds digit of 173051?
0
What is the hundreds digit of 14932646?
6
What is the ten thousands digit of 12284049?
8
What is the units digit of 4007304?
4
What is the tens digit of 3270892?
9
What is the ten thousands digit of 1603173?
0
What is the units digit of 538100?
0
What is the tens digit of 559931?
3
What is the hundreds digit of 10025028?
0
What is the hundreds digit of 120187?
1
What is the units digit of 44863?
3
What is the tens digit of 89098?
9
What is the hundreds digit of 657770?
7
What is the ten thousands digit of 958229?
5
What is the tens digit of 7047869?
6
What is the hundred thousands digit of 2418127?
4
What is the thousands digit of 840174?
0
What is the hundreds digit of 9874537?
5
What is the hundred thousands digit of 102634?
1
What is the hundreds digit of 207368?
3
What is the ten thousands digit of 487621?
8
What is the thousands digit of 14328480?
8
What is the thousands digit of 699434?
9
What is the hundreds digit of 25057?
0
What is the units digit of 415254?
4
What is the thousands digit of 6117593?
7
What is the units digit of 147597?
7
What is the thousands digit of 14712472?
2
What is the units digit of 337490?
0
What is the hundred thousands digit of 102952?
1
What is the hundred thousands digit of 1228487?
2
What is the thousands digit of 585808?
5
What is the thousands digit of 2597798?
7
What is the tens digit of 29464494?
9
What is the hundreds digit of 6540768?
7
What is the millions digit of 1023949?
1
What is the units digit of 33412?
2
What is the hundred thousands digit of 140528?
1
What is the units digit of 176743?
3
What is the hundred thousands digit of 342698?
3
What is the ten thousands digit of 8224477?
2
What is the ten thousands digit of 18137544?
3
What is the tens digit of 6342818?
1
What is the ten thousands digit of 437409?
3
What is the units digit of 2418751?
1
What is the units digit of 1313774?
4
What is the units digit of 2713782?
2
What is the tens digit of 100201?
0
What is the ten thousands digit of 28176070?
7
What is the hundreds digit of 1848070?
0
What is the hundreds digit of 1568216?
2
What is the hundreds digit of 387934?
9
What is the hundred thousands digit of 6048576?
0
What is the ten thousands digit of 3879577?
7
What is the thousands digit of 942094?
2
What is the tens digit of 171926?
2
What is the hundred thousands digit of 1272521?
2
What is the tens digit of 1617494?
9
What is the ten thousands digit of 5528312?
2
What is the thousands digit of 479368?
9
What is the tens digit of 59726?
2
What is the units digit of 875252?
2
What is the millions digit of 12218473?
2
What is the thousands digit of 9373?
9
What is the thousands digit of 357226?
7
What is the hundred thousands digit of 1913924?
9
What is the ten thousands digit of 105212?
0
What is the hundreds digit of 123177?
1
What is the ten thousands digit of 1137206?
3
What is the ten thousands digit of 385260?
8
What is the units digit of 7916601?
1
What is the hundred thousands digit of 2339155?
3
What is the ten millions digit of 12098382?
1
What is the ten thousands digit of 1578639?
7
What is the hundred thousands digit of 1789413?
7
What is the ten thousands digit of 3138249?
3
What is the tens digit of 428334?
3
What is the hundred thousands digit of 1203870?
2
What is the ten thousands digit of 746937?
4
What is the hundreds digit of 110276?
2
What is the thousands digit of 27051351?
1
What is the ten thousands digit of 183884?
8
What is the tens digit of 28346?
4
What is the thousands digit of 84756?
4
What is the hundred thousands digit of 4727619?
7
What is the thousands digit of 11815?
1
What is the hundred thousands digit of 236867?
2
What is the ten thousands digit of 1217205?
1
What is the tens digit of 3227971?
7
What is the units digit of 3536885?
5
What is the units digit of 503602?
2
What is the units digit of 5515983?
3
What is the units digit of 122551?
1
What is the tens digit of 449358?
5
What is the hundred thousands digit of 162004?
1
What is the millions digit of 14873120?
4
What is the tens digit of 144778?
7
What is the ten thousands digit of 821944?
2
What is the tens digit of 1664010?
1
What is the tens digit of 1185468?
6
What is the tens digit of 812882?
8
What is the ten thousands digit of 66157?
6
What is the ten thousands digit of 241143?
4
What is the thousands digit of 31083845?
3
What is the units digit of 126652?
2
What is the tens digit of 598378?
7
What is the hundred thousands digit of 187876?
1
What is the ten thousands digit of 1979050?
7
What is the hundreds digit of 4167530?
5
What is the tens digit of 3827860?
6
What is the hundreds digit of 123314?
3
What is the ten thousands digit of 103888?
0
What is the tens digit of 47135?
3
What is the units digit of 162223?
3
What is the millions digit of 7779869?
7
What is the units digit of 155213?
3
What is the hundreds digit of 3256714?
7
What is the ten thousands digit of 285913?
8
What is the millions digit of 3079982?
3
What is the ten thousands digit of 53824?
5
What is the hundred thousands digit of 8463917?
4
What is the ten thousands digit of 6538726?
3
What is the ten thousands digit of 24185121?
8
What is the hundreds digit of 1512037?
0
What is the units digit of 115314?
4
What is the thousands digit of 1127584?
7
What is the tens digit of 555614?
1
What is the ten thousands digit of 446464?
4
What is the hundred thousands digit of 18998030?
9
What is the units digit of 84298?
8
What is the thousands digit of 27805290?
5
What is the ten thousands digit of 5708744?
0
What is the ten thousands digit of 71009?
7
What is the hundreds digit of 2809686?
6
What is the tens digit of 1994988?
8
What is the thousands digit of 1238714?
8
What is the units digit of 531716?
6
What is the hundreds digit of 309162?
1
What is the ten thousands digit of 212063?
1
What is the tens digit of 144854?
5
What is the hundred thousands digit of 392170?
3
What is the ten thousands digit of 288830?
8
What is the units digit of 89528?
8
What is the tens digit of 236042?
4
What is the tens digit of 126316?
1
What is the ten thousands digit of 837605?
3
What is the units digit of 13806278?
8
What is the ten thousands digit of 761565?
6
What is the thousands digit of 2093514?
3
What is the units digit of 3765474?
4
What is the tens digit of 8092865?
6
What is the ten thousands digit of 3761224?
6
What is the hundred thousands digit of 288806?
2
What is the thousands digit of 21124431?
4
What is the ten millions digit of 23516736?
2
What is the millions digit of 5144397?
5
What is the tens digit of 6115067?
6
What is the tens digit of 169503?
0
What is the hundreds digit of 86372?
3
What is the ten thousands digit of 138181?
3
What is the ten thousands digit of 660318?
6
What is the ten thousands digit of 5782653?
8
What is the millions digit of 5522751?
5
What is the thousands digit of 2980820?
0
What is the units digit of 169847?
7
What is the hundreds digit of 953754?
7
What is the millions digit of 2606470?
2
What is the hundred thousands digit of 1147620?
1
What is the units digit of 34435?
5
What is the tens digit of 329237?
3
What is the hundred thousands digit of 3851859?
8
What is the ten thousands digit of 315158?
1
What is the units digit of 9844760?
0
What is the units digit of 3620923?
3
What is the hundreds digit of 571589?
5
What is the units digit of 560865?
5
What is the hundred thousands digit of 17854862?
8
Wha